ime number?
True
Let n(v) = -v**3 + 4*v**2 + 4*v + 8. Let d be n(5). Suppose d*t = 3*l + l + 10, -4*t - 3*l = -5. Suppose 3*g - 1825 = -t*g. Is g a composite number?
True
Suppose 5*c + 2*h = 9062, -7*h = 4*c - 5*h - 7248. Is c prime?
False
Let u(f) = -25*f - 64*f - 436 + 500. Is u(-15) a prime number?
True
Let g(p) = 348*p - 5. Let s be g(4). Let a = -698 + s. Is a composite?
True
Let s = -19 - -3. Let c(h) = -h**2 - 22*h + 6 + 0 + 4*h. Is c(s) a composite number?
True
Suppose 0*o + o - 14438 = -3*n, 3*n + 28921 = 2*o. Is o composite?
True
Suppose 3*r - r - 106 = 2*p, -p + 3*r - 55 = 0. Let t = p - -369. Is t a prime number?
True
Suppose -2521217 = 145*q - 182*q. Is q composite?
False
Let f(h) = -675*h - 12. Let o be f(-6). Suppose -g + 3*z - 4*z + 2021 = 0, 2*g + z - o = 0. Is g prime?
True
Is (-31 - -25) + (5941 - 0) a composite number?
True
Suppose -c = -6*c - 3170. Let z be 9/(4/(c + 2)). Let i = -977 - z. Is i a composite number?
True
Let t be -2*(1 - 3)*1. Suppose -t*l = 2430 + 6050. Is 2/6 - l/30 a prime number?
True
Let c(v) = 8283*v**2 - 46*v - 87. Is c(-2) composite?
True
Let m(l) = -3097*l - 53. Is m(-6) a composite number?
True
Let m(r) = 7*r - 5. Let i be m(7). Suppose -4*y - 184 + i = 0. Let u = 260 - y. Is u composite?
True
Let u be ((-64)/(-20) - 3) + (-4)/20. Is u - 2 - (16 + -599) composite?
True
Let x(q) = 1597*q. Let u(w) = -2*w**2 + 25*w - 11. Let v be u(12). Is x(v) a prime number?
True
Let x(q) = 129*q - 22. Let h be x(-10). Let v be (36/(-16))/(12/h). Suppose r - v = -r. Is r prime?
False
Let t(z) = 14*z - 13. Let n be (1 + 1 - -4) + 4. Is t(n) a composite number?
False
Let x(n) = 702*n**3 - n**2 + 6*n - 9. Is x(2) composite?
True
Let d be (-6)/(-39) + 362/13. Let j be (2135/d)/(2/8). Let o = 672 - j. Is o a prime number?
True
Let x be ((-7323)/9 + 0)/(7/(-21)). Suppose x = 5*p - 4*w + 470, -3*w + 1552 = 4*p. Is p prime?
False
Suppose -227*u = -226*u - 3694. Is u composite?
True
Let h be 3/(-12) - (-49)/4. Let t be -6*2*(-3)/h. Suppose -3*w - 3*s + 413 = s, t*w = 4*s + 373. Is w a prime number?
True
Let u(i) = -2 + 0*i + 2 - i. Let c be u(0). Suppose -v = p - 212, v + c*v + 4*p = 215. Is v a composite number?
False
Let u(f) = -10068*f**3 - 2*f**2 + f + 1. Let c be u(1). Let g = -22 + 32. Is (-6)/g - c/30 a prime number?
False
Suppose -17*k + 41*k - 46104 = 0. Is k a composite number?
True
Let d(u) = -u**3 - 2*u**2 + 7*u - 5. Let t be d(-4). Let k(r) = -480*r**3 - 2*r**2 + r + 2. Is k(t) a composite number?
False
Let r(p) = -144*p**3 + 7*p**2 - 19*p - 1. Is r(-6) a composite number?
False
Suppose -48*d + 101087 = -41*d. Is d a prime number?
False
Suppose 4*f = q - 133, -2*q - f + 5*f = -262. Suppose l = 82 + q. Is l a prime number?
True
Let v(g) = 91*g**3 - g**2 - 6*g - 9. Is v(5) a composite number?
False
Suppose 0 = 2*y - 0 - 8. Is ((-491)/(-2) - 3)/(2/y) a composite number?
True
Suppose -2*k = 2*k + 12. Let i be (0 - 227)*1 - k. Let n = -157 - i. Is n composite?
False
Let v be (-1 - -12) + (-3)/1. Let f = v + -2. Is (f - 3) + -1 + 20 a composite number?
True
Let b(d) = 3877*d + 38. Is b(3) composite?
True
Suppose -4*q - 2*p - 1210 = 0, 3*q + p - 4*p + 930 = 0. Let f = 434 - q. Is f a composite number?
False
Let q(g) = 4 + 1 - 35*g - 13*g. Suppose 4*c + r - 17 = 6*c, 16 = -c - r. Is q(c) a composite number?
True
Let s(w) be the first derivative of 23*w**3/3 + 3*w**2/2 - w - 1. Suppose -u = 4*h - 16, -3*h = u - 14 + 1. Is s(u) a composite number?
False
Suppose -5*t + 413 = -367. Let x = t - -731. Is x prime?
True
Suppose 5*p - 4*j + 35 = -2*j, 3*p + 3*j = 0. Suppose -13 = -4*m - 85. Let w = p - m. Is w composite?
False
Let l(w) = w**2 + 20*w + 22. Let t be l(-19). Is t + 9/(-3) - -235 composite?
True
Suppose -3*g + 57 = 18. Let h = -11 + g. Is h/10 + (-1148)/(-35) a prime number?
False
Let h(x) = 75*x - 13. Let y(b) = b. Let g(c) = -h(c) + 2*y(c). Is g(-6) prime?
False
Let a(u) = 33*u**3 - 8*u**2 + 3*u + 23. Is a(9) a prime number?
True
Suppose -3*l + 3*r + 12766 = -3242, 21347 = 4*l - 5*r. Is l prime?
True
Let j be -4*((14 - -4) + 4). Let b be (-6)/(-33) + (-109896)/j. Suppose -4*v + 518 = 2*t, -5*v = -5*t + b + 31. Is t a composite number?
False
Let f(k) = -2*k + 39. Let y be f(19). Is 18/(-6) + y/1*384 prime?
False
Suppose 11785 = h + y, h + 3*h = -3*y + 47141. Suppose 2406 = 4*z + h. Is z/(-63) + 4/(-18) a prime number?
True
Let h(l) be the third derivative of l**5/10 - 7*l**4/24 - 3*l**3/2 - 2*l**2. Let v(r) = 2*r**2 + 2*r - 4. Let f be v(-3). Is h(f) a composite number?
True
Suppose -13*l = z - 18*l - 6916, 3*l - 9 = 0. Is z a composite number?
True
Let k(q) = -q**3 + 4*q**2 - q. Let n be k(3). Is (-3)/n + 1845/6 composite?
False
Let n = -90 - -96. Let t = -1 - 2. Let i = n - t. Is i composite?
True
Let f(t) = -t + 4. Let d be f(0). Suppose d*b - 13 - 1 = -p, b = 5*p - 7. Suppose -5*m + 2*r + 153 = 6*r, -2*r = -b*m + 105. Is m composite?
True
Suppose 5*m = -3*n + 106333, 21257 = -m + 2*m + 3*n. Is m a composite number?
False
Let b(w) = -6086*w - 111. Is b(-7) prime?
True
Let z(n) = 488*n - 49. Let s be z(8). Suppose 5*t + 1813 = i, 4*t - 253 = 2*i - s. Is i a composite number?
True
Let o be (192/32)/(-1 + -1). Is (-6 + o)/3 - -3389 a composite number?
True
Let h(l) = -23*l - 2. Is h(-3) a composite number?
False
Suppose -5*v - 5*b = -19083 - 4322, -2*b = -2*v + 9346. Is v a prime number?
False
Let z(j) = 7*j**2 - 10*j - 13. Let x(v) = v**2 + 1. Let u(y) = -6*x(y) + z(y). Is u(14) prime?
True
Suppose -5*l - 3*x - 4 = 0, 12*x = 3*l + 16*x + 9. Let b(q) = -188*q - 1. Let t be b(2). Is l*(-2 + -2) - t a prime number?
True
Suppose d = 2*d - 88. Suppose -13*j + 1042 = -1194. Suppose 5*g + j = c - d, 680 = 3*c + 5*g. Is c composite?
True
Suppose -4*j - 6 - 10 = m, 2*j + 4*m = -22. Is (j - -1260)*(-1)/(-3) a composite number?
False
Let a(b) = b + 10. Let d be a(-8). Let m(c) = 11*c + 1 - 11*c + 13*c**d. Is m(2) composite?
False
Let t be (15 + 4 + -4)/1. Suppose t*v - 395 = 10*v. Is v a composite number?
False
Let k = 418 - -2199. Is k composite?
False
Let j(o) = -o - 8. Let x be j(-6). Let z = x - 9. Let b = 74 - z. Is b composite?
True
Suppose 3*h = -2*h + 30. Let y(b) = 12*b**2 - 6*b + 26. Is y(h) a composite number?
True
Suppose -3*r - 4 = -4*r. Let j = r + -7. Is -1 + 2 + (42 - j) a prime number?
False
Let j = -2301 + 9800. Is j prime?
True
Suppose 0 = -2*d - 2*d - 8. Let p be (d - 1)*(-658)/3. Suppose -3*h = -h - p. Is h a prime number?
False
Let s(h) be the first derivative of -3*h + 4 + 2*h - 25*h**2 - 14*h**2. Is s(-1) a composite number?
True
Suppose 0 = -9*d + 14*d - 140. Suppose -3*q + n = -905, 4*n + d = 8. Let m = 431 - q. Is m a composite number?
False
Let a be (-2)/(-8) + 3 + 13/(-4). Suppose a*y - 3*y = -1281. Is y a composite number?
True
Suppose 24*o = 22*o + 2998. Is o a prime number?
True
Let b = 379 - -1687. Let h = b + -1145. Suppose -4*w + h = -w. Is w a prime number?
True
Let w(r) be the third derivative of r**5/60 + 11*r**4/24 - 5*r**3/2 + 4*r**2. Is w(6) a prime number?
False
Let f be 8/(-44) - 402/(-33). Suppose -5*q + f = 2. Suppose 0*h + h + 3*t = 7, -46 = -q*h + 2*t. Is h composite?
False
Suppose -27 = -3*f + 3*g, 2*f + 4*g + 2 - 44 = 0. Suppose -17*l + 1516 = -f*l. Is l a prime number?
True
Suppose 5 = -h + 3*d, -2*h - 3*d + 0*d + 8 = 0. Let x be (-1 + -655 + h)/(-1). Suppose 2*j = -3*j + x. Is j composite?
False
Is (-18)/2 - (-3933 + 17) a composite number?
False
Suppose -5*i + 4 = 3*z - 12, -2*z - 6 = 0. Suppose -b = -5*q - 781 - 896, 0 = -i*b - q + 8281. Is b a composite number?
False
Let m be (8030/8)/((-2)/8). Let k = m - -11416. Is k prime?
False
Let n = -26686 - -39677. Is n prime?
False
Suppose 2*x - 6 = -0*x + f, 0 = x - 5*f + 15. Suppose -3*w = 4*p - x*w - 10, 0 = 3*w + 3. Let l(q) = 46*q**2 + 2*q - 3. Is l(p) a composite number?
True
Suppose 4 = -2*c - 0. Is (4 + 315/6)/((-1)/c) a composite number?
False
Suppose -58482 = -27*d + 24*d. Let v = d - 12689. Is v a prime number?
False
Let a = 25296 + 19105. Is a prime?
False
Let f be 2 - (1 + -3)*(-1)/(-2). Let a = -61 - -86. Suppose f*p + a - 190 = 0. Is p composite?
True
Let n(u) = 19229*u**3 + 4*u - 2. Is n(1) prime?
True
Suppose 0 = -37*s + 19785 + 452224. Is s a prime number?
True
Suppose -f + 7*f = 10188. Suppose f = -p + 4*